 12, what is 68889 - -1?
6888a
In base 10, what is 60 + -1340?
-1280
In base 2, what is -110 - 101000110111111010?
-101000111000000000
In base 7, what is 3165 + -41?
3124
In base 14, what is 8 - -3a29?
3a33
In base 15, what is 3 - -12ee?
1302
In base 8, what is -1405352 - -5?
-1405345
In base 10, what is 6 + -564?
-558
In base 12, what is -12 - 1287?
-1299
In base 7, what is -11 - 310663?
-311004
In base 16, what is -47b + 34?
-447
In base 9, what is 16438 + -216?
16222
In base 9, what is 386 - 2527?
-2131
In base 2, what is -100100101 + 1000?
-100011101
In base 10, what is 1565 + -641?
924
In base 2, what is 1011101 + -111111010000?
-111101110011
In base 6, what is 122302144 + -5?
122302135
In base 10, what is 6 - -17803?
17809
In base 3, what is -1211101011 - 201?
-1211101212
In base 11, what is 2403 - 933?
1580
In base 6, what is 321024 + 10?
321034
In base 16, what is -4 + -2920?
-2924
In base 2, what is -1101 - -1000110101101111?
1000110101100010
In base 11, what is -3 - 13806?
-13809
In base 8, what is 374 - 2033?
-1437
In base 3, what is -1200010022 - 10?
-1200010102
In base 14, what is 112a - -c?
1138
In base 14, what is 11a6b + 6?
11a73
In base 15, what is -4 - 4e324?
-4e328
In base 10, what is 332 - -9718?
10050
In base 16, what is -6f3 + 2c0?
-433
In base 14, what is -bb + -3?
-c0
In base 10, what is 4375159 - 3?
4375156
In base 15, what is 16 - 76c?
-756
In base 14, what is -d8 + 9d?
-39
In base 15, what is a - c223?
-c218
In base 3, what is 1000021 - 101222?
121022
In base 8, what is 1132 + -30?
1102
In base 15, what is -546 + 23?
-523
In base 7, what is 5213 - -423?
5636
In base 3, what is -1 - 1221210202?
-1221210210
In base 2, what is 11 - -10001011110110?
10001011111001
In base 11, what is -2342a + 86?
-23354
In base 5, what is -10 - 14031212?
-14031222
In base 5, what is -13144 + -1?
-13200
In base 15, what is -43 - c72?
-cb5
In base 5, what is 2303110 + 20?
2303130
In base 4, what is -23 + 10131300?
10131211
In base 13, what is 3 - -2687?
268a
In base 12, what is 259 - 3262?
-3005
In base 10, what is 827107 + -4?
827103
In base 11, what is 79040 + -1?
7903a
In base 7, what is 3 + 4102256?
4102262
In base 10, what is -12941 + 1?
-12940
In base 12, what is -167 - -40a?
263
In base 3, what is -1202 + 1011000?
1002021
In base 9, what is 1003 - -105?
1108
In base 8, what is 310 + -775?
-465
In base 2, what is 1111001101111 - -1011000000?
10000100101111
In base 5, what is -1 + 30033321?
30033320
In base 8, what is -353 + -373?
-746
In base 14, what is -17b94 + 3?
-17b91
In base 6, what is -4110 - 110?
-4220
In base 5, what is 12240234 - -2?
12240241
In base 4, what is -1123 + -12100?
-13223
In base 13, what is 1 - 23ab?
-23aa
In base 12, what is -2308 + 21?
-22a7
In base 9, what is 18 + -836?
-817
In base 11, what is -103 + 120?
18
In base 6, what is 5 - 402?
-353
In base 13, what is 0 + -16a64?
-16a64
In base 5, what is -1112403330 - 10?
-1112403340
In base 9, what is 1340 + 131?
1471
In base 5, what is -222 - -3122?
2400
In base 10, what is 33 - -35879?
35912
In base 5, what is 1213 + 30240?
32003
In base 10, what is -54 - 75367?
-75421
In base 7, what is 13614421 - 3?
13614415
In base 3, what is -122102221110 + -12?
-122102221122
In base 8, what is 613 + -1051?
-236
In base 15, what is -4 - -c8208?
c8204
In base 12, what is -55 + 2558?
2503
In base 11, what is 3 + -61a90?
-61a88
In base 11, what is 6 + -35093?
-35088
In base 16, what is 39a656 - -4?
39a65a
In base 5, what is 1423334203 - -1?
1423334204
In base 16, what is 6 - -443a?
4440
In base 6, what is -211 - 2?
-213
In base 5, what is 10 + -22023?
-22013
In base 16, what is -1 - d489?
-d48a
In base 6, what is 22 - -203?
225
In base 14, what is 22 + -906?
-8c4
In base 8, what is 4 - -22003?
22007
In base 10, what is 7 - -51848?
51855
In base 7, what is -552150 + 2?
-552145
In base 5, what is 44231 + 1104?
100340
In base 5, what is 11 + -233040031?
-233040020
In base 2, what is -101011010111010 - -10?
-101011010111000
In base 12, what is -123 + 97?
-48
In base 14, what is 4 + 107244?
107248
In base 7, what is 2 - -215151?
215153
In base 5, what is -2310 - -342?
-1413
In base 4, what is 23023032 + 1?
23023033
In base 6, what is -102 - 5052?
-5154
In base 9, what is 374552 + -1?
374551
In base 5, what is -1404 + -203011?
-204420
In base 13, what is b91b - 3?
b918
In base 10, what is -236412 + -19?
-236431
In base 7, what is 1 + 5051?
5052
In base 11, what is 1951 + 36?
1987
In base 9, what is 814 + 527?
1442
In base 8, what is 2245 + 1413?
3660
In base 11, what is 2 - 5894?
-5892
In base 16, what is -30 + 411?
3e1
In base 10, what is -1 - -120940?
120939
In base 9, what is -2 + 162236?
162234
In base 14, what is 3 + 262ac?
262b1
In base 11, what is -8 + -189a?
-18a7
In base 15, what is -9108 - 0?
-9108
In base 11, what is 607 + -126?
491
In base 4, what is -202203 + 111301?
-30302
In base 12, what is -29 + -75b?
-788
In base 11, what is -694440 - -4?
-694437
In base 14, what is 10 - 5d2?
-5c2
In base 16, what is -4 + -1245d1?
-1245d5
In base 7, what is 2660 + 564?
3554
In base 11, what is -1 - 6797?
-6798
In base 8, what is -31 - -1124?
1073
In base 8, what is -777 - 2635?
-3634
In base 15, what is 9 + 13780?
13789
In base 15, what is -cd40 + -1?
-cd41
In base 16, what is -2d + -2cd?
-2fa
In base 2, what is 10011010010 + 10110000?
10110000010
In base 7, what is 22322524 + 2?
22322526
In base 10, what is -89 + -1082?
-1171
In base 10, what is 15417 + 28?
15445
In base 13, what is 5cb0 - 192?
5b1b
In base 15, what is b3c + 27?
b64
In base 10, what is 2548 + -36?
2512
In base 15, what is 13 - acc?
-ab9
In base 2, what is 111010 + 1011110110000?
1011111101010
In base 11, what is 5 - -396944?
396949
In base 12, what is -25 - -12724?
126bb
In base 2, what is 10000001111 + 1?
10000010000
In base 8, what is 11757 - -31?
12010
In base 11, what is 52 - 3a14?
-3972
In base 7, what is 0 + -1241261?
-1241261
In base 2, what is -10010101110001110000 + 0?
-10010101110001110000
In base 12, what is 4 + 13681?
13685
In base 10, what is 29 + -127?
-98
In base 3, what is -10022 + -1100220121?
-1101000220
In base 4, what is 120011 + 103?
120120
In base 15, what is -7d4a - 47?
-7d92
In base 13, what is -715 + 3?
-712
In base 4, what is -11 + 100001211?
100001200
In base 8, what is -25 - -7?
-16
In base 8, what is 51775 + 5?
52002
In base 3, what is 2 + -100011?
-100002
In base 13, what is 1371 + 12?
1383
In base 10, what is 453866 - 0?
453866
In base 6, what is -2442442 - 11?
-2442453
In base 6, what is -3 + -11244314?
-11244321
In base 12, what is -14b89 + 3?
-14b86
In base 2, what is 1110011001010 + 1011001?
1110100100011
In base 16, what is 77 + 1?
78
In base 5, what is 130402 - 12?
130340
In base 13, what is 4 - -1595?
1599
In base 6, what is -5 - -10211?
10202
In base 3, what is -10 - -1002120201?
1002120121
In base 7, what is 15 - 130323?
-130305
In base 14, what is -bd4 + c6?
-b0c
In base 10, what is -5068 + 3?
-5065
In base 16, what is dc + -dc?
0
In base 2, what is -110011111 + -1010100110?
-10001000101
In base 11, what is -5a - 172?
-221
In base 10, what is 23681 + -9?
23672
In base 9, what is -14 - -1423144?
1423130
In base 15, what is a66d + 4?
a672
In base 5, what is -130 + 42330?
42200
In base 11, what is 7 + 3556?
3562
In base 13, what is -6b7a4a + -1?
-6b7a4b
In base 13, what is 113 + 66?
179
In base 15, what is -1b - -39cc?
39b1
In base 10, what is 1 + -661060?
-661059
In base 3, what is 2011 - -2121021?
2200102
In base 14, what is 120 - 136?
-16
In base 9, what is 5 - -1407835?
1407841
In base 15, what is 1e8c82 + 0?
1e8c82
In base 15, what is -3 + -590e?
-5912
In base 9, what is -7663 - 10?
-7673
In base 7, what is -52600 - -2?
-52565
In base 4, what is 20021012233 - 3?
20021012230
In base 4, what is 11101 + -203300?
-132133
In base 5, what is -43004 + 1021?
-41433
In base 12, what is a4 + 17b8?
18a0
In base 3, what is -100000200 + -2022?
-100002222
In base 15, what is 3 + -3569?
-3566
In base 8, what is -7121 - 7?
-7130
In base 5, what is 111 + 1314103?
1314214
In base 13, what is 1b9 + -575?
-389
In base 4, what is 1 + 12311333?
12312000
In base 6, what is -32330 - -101?
-32225
In base 2, what is 11101001 - 1000001101?
-100100100
In base 6, what is -2 + 15454154?
15454152
